List the prime factors of 6252781.
53, 117977
List the prime factors of 1094647.
17, 19, 3389
List the prime factors of 210407.
210407
List the prime factors of 160684.
2, 17, 139
List the prime factors of 302800.
2, 5, 757
What are the prime factors of 3420125?
5, 27361
What are the prime factors of 211475?
5, 11, 769
List the prime factors of 1259096.
2, 31, 5077
List the prime factors of 993847.
103, 9649
List the prime factors of 271704.
2, 3, 11321
List the prime factors of 5569783.
5569783
List the prime factors of 1175868.
2, 3, 89, 367
What are the prime factors of 29495889?
3, 3277321
What are the prime factors of 851547?
3, 17, 59, 283
What are the prime factors of 30207925?
5, 11, 109847
List the prime factors of 231073.
311, 743
What are the prime factors of 26671274?
2, 7, 61, 31231
List the prime factors of 30421905.
3, 5, 1153, 1759
What are the prime factors of 56259?
3, 7, 19, 47
What are the prime factors of 13842084?
2, 3, 419, 2753
List the prime factors of 2351571.
3, 97, 8081
List the prime factors of 7184806.
2, 73, 49211
List the prime factors of 85859.
23, 3733
What are the prime factors of 3510458?
2, 7, 113, 317
What are the prime factors of 4054092?
2, 3, 7, 17, 167
List the prime factors of 8513214.
2, 3, 1418869
What are the prime factors of 3418129?
11, 13, 41, 53
List the prime factors of 7578378.
2, 3, 19, 22159
List the prime factors of 2926224.
2, 3, 7, 2903
List the prime factors of 39552450.
2, 3, 5, 7, 139, 271
What are the prime factors of 957707?
127, 7541
What are the prime factors of 41377?
7, 23, 257
What are the prime factors of 853494?
2, 3, 59, 2411
What are the prime factors of 5296746?
2, 3, 7, 13, 89, 109
List the prime factors of 7849518.
2, 3, 101, 12953
What are the prime factors of 7484987?
29, 199, 1297
What are the prime factors of 7164990?
2, 3, 5, 7, 17, 223
What are the prime factors of 6708175?
5, 151, 1777
What are the prime factors of 250620?
2, 3, 5, 4177
List the prime factors of 2825982.
2, 3, 59, 887
List the prime factors of 1462532.
2, 127, 2879
List the prime factors of 6076996.
2, 79, 19231
List the prime factors of 15709605.
3, 5, 1047307
List the prime factors of 1987927.
197, 10091
What are the prime factors of 347343?
3, 115781
List the prime factors of 1547081.
37, 41813
List the prime factors of 13753297.
131, 104987
List the prime factors of 6565.
5, 13, 101
What are the prime factors of 3552719?
907, 3917
List the prime factors of 226768.
2, 14173
List the prime factors of 4008681.
3, 157, 2837
List the prime factors of 115484.
2, 28871
List the prime factors of 25757396.
2, 7, 313, 2939
What are the prime factors of 142989?
3, 7, 11, 619
List the prime factors of 6448532.
2, 1612133
List the prime factors of 12005813.
12005813
List the prime factors of 166996.
2, 83, 503
What are the prime factors of 28992505?
5, 523, 11087
What are the prime factors of 966262?
2, 11, 167, 263
What are the prime factors of 4806111?
3, 67, 23911
What are the prime factors of 752906?
2, 7, 11, 4889
What are the prime factors of 1358220?
2, 3, 5, 22637
List the prime factors of 1641791.
31, 211, 251
What are the prime factors of 7050439?
11, 640949
What are the prime factors of 202945?
5, 37, 1097
List the prime factors of 337894.
2, 43, 3929
What are the prime factors of 10093333?
521, 19373
What are the prime factors of 187855?
5, 37571
What are the prime factors of 253624?
2, 7, 647
What are the prime factors of 6108445?
5, 7, 174527
What are the prime factors of 72959?
72959
What are the prime factors of 3371422?
2, 1685711
What are the prime factors of 80387?
80387
What are the prime factors of 471277?
471277
List the prime factors of 1915227.
3, 241, 883
What are the prime factors of 4148764?
2, 19, 79, 691
List the prime factors of 667098.
2, 3, 37061
What are the prime factors of 2813697?
3, 11579
What are the prime factors of 515968?
2, 29, 139
List the prime factors of 2967615.
3, 5, 7, 9421
What are the prime factors of 12771557?
571, 22367
List the prime factors of 781131.
3, 13, 20029
List the prime factors of 642228.
2, 3, 109, 491
What are the prime factors of 719226?
2, 3, 19, 701
List the prime factors of 932814.
2, 3, 29, 1787
What are the prime factors of 465025?
5, 11, 19, 89
List the prime factors of 2169887.
149, 14563
What are the prime factors of 1646988?
2, 3, 7, 2801
List the prime factors of 2478141.
3, 17, 5399
What are the prime factors of 4737895?
5, 947579
What are the prime factors of 11759529?
3, 17, 29, 7951
What are the prime factors of 4249499?
1049, 4051
List the prime factors of 71283.
3, 23761
List the prime factors of 3039928.
2, 43, 8837
What are the prime factors of 28063758?
2, 3, 1291, 3623
List the prime factors of 5654179.
5654179
What are the prime factors of 2021745?
3, 5, 11, 12253
List the prime factors of 207184.
2, 23, 563
What are the prime factors of 6565883?
283, 23201
What are the prime factors of 6713513?
6713513
List the prime factors of 18355735.
5, 3671147
What are the prime factors of 7444844?
2, 11, 17, 37, 269
What are the prime factors of 6423596?
2, 19, 84521
What are the prime factors of 23808?
2, 3, 31
What are the prime factors of 1314192?
2, 3, 11, 19, 131
List the prime factors of 27892.
2, 19, 367
What are the prime factors of 60248?
2, 17, 443
List the prime factors of 302113.
7, 43159
List the prime factors of 14484.
2, 3, 17, 71
What are the prime factors of 210410?
2, 5, 53, 397
List the prime factors of 69520.
2, 5, 11, 79
What are the prime factors of 16852168?
2, 17, 37, 197
What are the prime factors of 27090?
2, 3, 5, 7, 43
What are the prime factors of 1154665?
5, 230933
List the prime factors of 28927628.
2, 7231907
What are the prime factors of 226726?
2, 113363
List the prime factors of 72271.
72271
What are the prime factors of 228374?
2, 89, 1283
What are the prime factors of 403458?
2, 3, 11, 6113
What are the prime factors of 2497253?
11, 131, 1733
What are the prime factors of 2998765?
5, 7, 11, 7789
List the prime factors of 35428316.
2, 7, 11, 10457
What are the prime factors of 79366?
2, 7, 5669
What are the prime factors of 9972?
2, 3, 277
What are the prime factors of 1156523?
1156523
List the prime factors of 4156725.
3, 5, 19, 2917
List the prime factors of 728075.
5, 29123
List the prime factors of 2333564.
2, 583391
List the prime factors of 236519.
236519
List the prime factors of 9973578.
2, 3, 41, 40543
What are the prime factors of 2573552?
2, 239, 673
What are the prime factors of 2878192?
2, 29, 6203
List the prime factors of 5257624.
2, 17, 67, 577
List the prime factors of 315458.
2, 11, 13, 1103
What are the prime factors of 5655780?
2, 3, 5, 13, 2417
What are the prime factors of 4557270?
2, 3, 5, 151909
List the prime factors of 2208053.
2208053
What are the prime factors of 838858?
2, 419429
What are the prime factors of 3698217?
3, 19, 89
List the prime factors of 4760710.
2, 5, 59, 8069
What are the prime factors of 9707261?
617, 15733
What are the prime factors of 73043?
73043
List the prime factors of 554836.
2, 59, 2351
List the prime factors of 185838.
2, 3, 47, 659
List the prime factors of 159241.
59, 2699
List the prime factors of 287015.
5, 137, 419
What are the prime factors of 2671985?
5, 173, 3089
List the prime factors of 4706238.
2, 3, 784373
List the prime factors of 799728.
2, 3, 16661
List the prime factors of 3375048.
2, 3, 140627
List the prime factors of 1546776.
2, 3, 7, 11, 31
List the prime factors of 309066.
2, 3, 51511
List the prime factors of 1056611.
41, 25771
List the prime factors of 6048216.
2, 3, 28001
List the prime factors of 3706181.
3706181
What are the prime factors of 15083207?
19, 793853
What are the prime factors of 250579?
7, 35797
List the prime factors of 718378.
2, 71, 5059
List the prime factors of 3585508.
2, 97, 9241
List the prime factors of 5184028.
2, 1296007
List the prime factors of 360432.
2, 3, 2503
List the prime factors of 2550758.
2, 7, 167, 1091
What are the prime factors of 13244?
2, 7, 11, 43
List the prime factors of 38198.
2, 71, 269
List the prime factors of 220376.
2, 13, 163
What are the prime factors of 34884654?
2, 3, 7, 830587
What are the prime factors of 18646332?
2, 3, 577, 2693
What are the prime facto